i?
32
Suppose -5*d + k + 41 = 24, -4*d + k + 15 = 0. What is the greatest common divisor of 18 and d?
2
Let w(c) = -c**2 + 159*c - 3386. Let v be w(26). Let a be 1*10*(-1)/(-2). Suppose -a*s = -2*s - 54. Calculate the highest common divisor of s and v.
18
Suppose 16*z + 297 = -4343. Let c = 358 + z. What is the greatest common factor of c and 340?
68
Let j = 90 + -70. Let r be (11 + -325)*(-1)/2. Let v = r + -57. What is the highest common divisor of v and j?
20
Let r(x) = -30*x**2. Suppose -2*k - 2 = 5*h, -5*k - 4*h - 1 = 4. Let j be r(k). Let q = -21 - j. Calculate the greatest common factor of 1 and q.
1
Let h be (-3 - -495) + ((-15)/(-3))/5. Suppose -q = 402 - h. Calculate the highest common factor of q and 7.
7
Let z be 7/(14/8698) - 3. What is the highest common divisor of 164 and z?
82
Suppose -33*t + 12964 = -12149. Let q = t - 246. Calculate the highest common factor of 103 and q.
103
Let q = 25 + -6. Let r be 890/10 + (-4 - (-54)/(-6)). Calculate the highest common divisor of r and q.
19
Let t be 4*-2 + (29341/259 - (-6)/(-21)). Calculate the greatest common divisor of t and 1815.
15
Let h(j) = j**3 - j**2 - 7*j + 1480. Let o be h(0). Calculate the greatest common divisor of o and 111.
37
Suppose -18*s - 2787 = -2*n - 19*s, 3*n - 4149 = -12*s. Calculate the greatest common factor of 10 and n.
5
Let q = -7 - -5. Suppose -2*m = 4*w + 67 - 99, 0 = 2*w + 5*m - 32. Let h be 66 + (8/q - (-24)/w). What is the greatest common factor of 33 and h?
33
Suppose -6666 = -13*x + 2099 + 2285. Calculate the highest common factor of x and 16.
2
Suppose -17*a + 52 = -4*a. Suppose 3*s = -a + 16. Let n = 71 - 59. Calculate the greatest common divisor of n and s.
4
Let s = -22198 - -22240. Let m be (-221)/(-6) - (-3)/18. Suppose 5*z = -5*c + 65, 3*c - 4*z + 9*z = m. What is the highest common factor of c and s?
14
Suppose -9*f = -10*f + a + 1217, 0 = 2*a - 10. Calculate the greatest common factor of 94 and f.
94
Let a be 1*33/6*558/341. What is the highest common divisor of a and 3897?
9
Let x(d) = 5*d**2 + 181*d - 83. Let q be x(-38). Let g be 2 - (-1 - -2) - -36. What is the highest common divisor of g and q?
37
Suppose 6*l = 9*l - 135. Let u = 27 - 27. Let s(b) = b**2 - 2*b + 9. Let q be s(u). What is the highest common divisor of l and q?
9
Let k(p) = -2*p**3 + 16*p**2 - 4*p + 35. Let b be k(8). Calculate the greatest common factor of 183 and b.
3
Suppose o - 8*b = -5*b + 918, -5*o + 4614 = -3*b. Calculate the highest common divisor of o and 1134.
42
Suppose 0 = 68*r - 23*r + 37395. Let v = r - -856. Suppose 5*h - 135 = 2*z, 0 = 6*h - 3*h + z - 70. Calculate the highest common factor of v and h.
25
Suppose -8*i - 13 = -9*i. Suppose -v = i + 2. Let c be 9/((-108)/88)*v. What is the greatest common factor of c and 11?
11
Let v be (15/12 + -2)/(3/(-360)). Let c = v - 100. Let m be ((-20)/(-25))/(-2) - 174/c. What is the highest common divisor of 1 and m?
1
Let j(s) = -s**3 - 50*s**2 - 149*s - 361. Let h be j(-47). Let o be 4/(-14) - 528/(-84). Calculate the greatest common factor of h and o.
3
Let s(h) = -h**3 - 22*h**2 - 89*h + 21. Let n be s(-17). Calculate the highest common divisor of n and 1.
1
Let z(p) = 217*p + 877. Let w be z(-4). Calculate the highest common factor of w and 213.
3
Suppose 0 = 4*b + 2*p - 34, -2 - 26 = -3*b + p. Let v be (3/b)/((63/3078)/7). Calculate the highest common divisor of 38 and v.
38
Suppose 0 = y + 2*y + 3*y. Suppose y = 35*j - 21 - 119. Calculate the highest common divisor of j and 80.
4
Let h(l) = 169*l. Let s(q) = 34*q. Let d(a) = 5*h(a) - 26*s(a). Let r = -299 - -296. Let w be d(r). Calculate the highest common divisor of w and 39.
39
Let z = 13534 + 4834. Suppose 0 = 10*p + 22*p - z. Calculate the greatest common divisor of p and 82.
82
Let x(f) = -115*f - 3636. Let k be x(-43). Calculate the greatest common divisor of k and 231.
77
Let o = -10823 - -12093. What is the highest common divisor of 50 and o?
10
Suppose 3*c - 2*g + 598 = 0, -2*c - 513 = g - 105. Suppose 5*x - 5*q = 2*x + 926, -2*q = -4. Let u = c + x. Calculate the highest common divisor of 44 and u.
22
Let u = 224 + -222. Suppose 28*b - u*k = 25*b + 102, -192 = -5*b - 4*k. What is the highest common factor of 108 and b?
36
Let c = -1 + 3. Let f(h) = -72*h + 3470. Let m be f(48). Calculate the greatest common divisor of m and c.
2
Let b = 17 - -6. Suppose -b*h - 15 = -24*h. Let w = 32 - h. Calculate the greatest common divisor of 85 and w.
17
Suppose 3*b + 2*l - 66 = b, 156 = 5*b - 4*l. Suppose -27*z - 24 = -57*z + 27*z. Calculate the greatest common divisor of b and z.
8
Let z be -4*(5/(-5)*-3 - 2). Let p be (-138)/(-12) - 2/z*-1. Calculate the greatest common factor of 11 and p.
11
Suppose -2*h + 8 = 0, 0*h - h = 4*c - 24. Suppose -63 = -2*l - c*l. Suppose 1 = -2*d + l. What is the highest common factor of 4 and d?
4
Let b = -14262 + 14334. Calculate the highest common divisor of 6498 and b.
18
Let k be (22/(-8))/((-3)/84). Let c be (-403)/(-26) + (-39)/26. Calculate the highest common factor of c and k.
7
Suppose 4*b - 5*i - 75 = -27, -2*i + 24 = 2*b. Suppose 50*p = 9314 + 12886. What is the greatest common divisor of p and b?
12
Suppose 5*s + 10 = -2*n, 3*s + s + n = -5. Suppose s*k + 8 = 4*k. Suppose -2*w + 48 = k*w. What is the highest common factor of 24 and w?
12
Let m = -593 + 660. Suppose -3*o = 4*d + d - 327, -d = o - m. Suppose -4*p - 3 = 2*g - 21, 5*p - 45 = 2*g. What is the greatest common divisor of p and d?
7
Let n(m) = 318*m + 233. Let l be n(19). Calculate the greatest common factor of 25 and l.
25
Suppose 5*b - d = 21183, 52*b - 56*b - d = -16950. Calculate the highest common factor of b and 1115.
223
Let c(n) = 4*n**2 + 4*n - 99. Let i be c(11). Let l = i + -378. What is the greatest common divisor of l and 51?
51
Let p be 1856/(-7) + (-2)/210*-15. Let z = -220 - p. What is the highest common divisor of 20 and z?
5
Suppose 5721 - 6345 = -16*m. Calculate the highest common factor of m and 867.
3
Let y = -6 + 1. Let c(h) = h + 12. Let s be c(y). Suppose 4*t - 1188 = -q, 1488 = -2*t + s*t + 2*q. Calculate the greatest common divisor of 37 and t.
37
Let b(h) = -6*h - 2. Let f be b(-2). Let r be (-10)/(-90) + 20/(-270)*-336. What is the highest common divisor of r and f?
5
Let m(y) = -9*y**2 + 190*y + 205. Let q be m(22). Let z be 29/((-2)/32*-2). Calculate the highest common factor of z and q.
29
Let q be -1*((-49)/(-42))/(4/24) - -72007. Calculate the highest common divisor of q and 72.
72
Let l = -180 + 35. Let s = l - -289. Let o be 38/95 + (-88)/(-5). What is the greatest common factor of s and o?
18
Suppose 20*p + 3 = 17*p, -5*c + 3*p + 63 = 0. Suppose 18 = -0*g + g. What is the highest common divisor of c and g?
6
Let h = -15 - -10. Let i be -228 + (-14)/63 + 50/(-18). Let l be (h/3)/(11/i). Calculate the greatest common factor of 5 and l.
5
Suppose 4*o - 344 = -h - 70, 5*o - 533 = -2*h. What is the highest common factor of h and 8?
2
Let i be (-86 - -70)*28/(-1). Calculate the greatest common divisor of 256 and i.
64
Let t(x) = -x**2 + x - 3. Let h(p) = -2*p**2 - 29*p + 117. Let a(y) = -h(y) + 3*t(y). Let q be a(26). Calculate the greatest common factor of 130 and q.
10
Suppose l - 569 = -394. Calculate the highest common factor of 250 and l.
25
Let c be (0 - 1)/((-5)/(-10)). Let m be ((-14)/(-3))/(c/(-6)). Suppose -x - 2 = -2*x, 52 = 4*d - 2*x. What is the highest common factor of m and d?
14
Suppose -o + p = -6734, 15*o - 29*p - 101010 = -27*p. Calculate the highest common divisor of 364 and o.
182
Suppose -k + 11*k = 359 + 571. What is the highest common factor of k and 8804?
31
Let o = 6146 - 4942. Calculate the greatest common divisor of o and 112.
28
Suppose -398*p + 19586 = -8069 - 12941. Calculate the highest common divisor of p and 474.
6
Let a be ((-21)/(-14))/((-1)/(-14)). Let o = 23869 + -23839. What is the highest common factor of o and a?
3
Suppose -5*z = 293 - 2873. Suppose -z = -12*k + 408. Calculate the greatest common factor of k and 231.
77
Suppose -9*p - 13 + 4 = 0. Let g be p + (-5 - -24) + -1. Calculate the highest common divisor of 221 and g.
17
Suppose -113 = -5*j + c, 4521*c - 4523*c + 134 = 5*j. Calculate the highest common factor of 204 and j.
12
Let k = 18 + 74. Suppose -2*r + k = 3*q, -5*q = 4*r 